ppose 0 = 4*o - 117 - s. What is the greatest common divisor of 13 and o?
13
Suppose 0 = -2*n - 8, -2*t + 5*n + 25 = -3. Calculate the greatest common factor of t and 8.
4
Let f = -17 + 39. Let s be f*(-51)/6*-1. Calculate the greatest common divisor of 17 and s.
17
Let y = -22 + 28. Calculate the greatest common divisor of 15 and y.
3
Suppose -4*v = 12, 2*v - 3 - 7 = -2*f. Suppose 2*i + 2 = f. Let s be (1 + 0 - -1) + 13. Calculate the greatest common factor of i and s.
3
Let l be 0 + (-2)/1 + 4. Let w = l + 0. Suppose -4*m = -w*m + 4*s - 50, 4*s + 45 = 3*m. What is the greatest common divisor of 209 and m?
19
Let m = 75 - 20. Calculate the highest common divisor of 55 and m.
55
Let x be 6/45 - 7940/(-75). Suppose x + 378 = 4*r. Calculate the highest common factor of r and 11.
11
Let f = -3 + 45. Let r = f - 30. What is the greatest common divisor of 24 and r?
12
Suppose 0 = 5*p - 0 - 15. Let c(w) = -13*w - 1. Let q be c(1). Let s be (30/35)/((-2)/q). What is the greatest common divisor of s and p?
3
Suppose -7*w - 7 = -21. Let a(u) = -3*u**3 - 2. Let d be a(-2). Calculate the greatest common factor of d and w.
2
Let z(h) = 2*h**2. Let v be z(2). Suppose -f - 3*f + 352 = 0. Calculate the greatest common divisor of v and f.
8
Let o(r) = r**3 - 6*r**2 + 6*r + 2. Suppose 2 = n - 3. Let m be o(n). Calculate the highest common factor of 56 and m.
7
Suppose -2*z + 4*w = 0, 3*z = -0*z + 2*w + 4. Let f be (-2)/(-4) - (-41)/z. What is the greatest common factor of 7 and f?
7
Let s = -20 - -36. What is the greatest common factor of s and 8?
8
Suppose 0 = x + 5*h - 3 - 16, 4*x + h = 19. What is the highest common divisor of x and 10?
2
Let s(l) = -l**3 - 7*l**2 - 4*l + 2. Let g be s(-8). Calculate the highest common divisor of 14 and g.
14
Suppose 7*i = 15*i - 280. What is the highest common divisor of i and 245?
35
Suppose -75 = -11*n + 6*n. Let q be (5 - 3)/((-2)/(-75)). What is the highest common divisor of q and n?
15
Let a = 12 - 5. Let c(m) = -6*m + 5*m**3 + 11 - 7 + 8*m**2 - 9 - 6*m**3. Let x be c(a). What is the highest common divisor of x and 2?
2
Let v be 0 + 0 - (-13 - (-9 + 6)). Suppose 2*l + 4 - 24 = 0. Calculate the greatest common factor of v and l.
10
Suppose -8 = 4*y, -5*a + 85 = -5*y - 35. What is the highest common divisor of 22 and a?
22
Suppose 0 = 4*j - 2*g - 422, -j - 5*g - 64 = -197. Let b be (1 + 1 - -2) + j. What is the greatest common divisor of b and 14?
14
Let r = 1 + -3. Let o be r/10*8*-25. What is the highest common factor of o and 100?
20
Suppose 8*l = 4*l + 48. Calculate the highest common factor of 156 and l.
12
Suppose 4*g = -5*r + 71, 3*r = -g + 4*g - 33. What is the greatest common divisor of 14 and g?
14
Let c(m) = -m**3 - 6*m**2 - 10*m + 3. Let l be c(-3). Let o(x) = x**2 + 6. Let v be o(6). What is the greatest common factor of l and v?
6
Suppose g + 1 = -3*u, -6*u + 2*u - 12 = -4*g. Calculate the greatest common factor of g and 2.
2
Suppose 5*f = 9*f + 24. Let a be 8/(-18)*f*3. Calculate the greatest common divisor of 88 and a.
8
Let h(i) = i**3 - 8*i**2 + i - 5. Let v be h(8). Let l = v - -3. What is the highest common divisor of 6 and l?
6
Let b = -48 + 64. Calculate the greatest common divisor of 4 and b.
4
Let c be -3*(-39 + 2) + -1. Let f be 14/4*280/98. Calculate the highest common divisor of f and c.
10
Suppose -2*z - 1 + 9 = 0. Let q be 2/(((-16)/(-198))/z). What is the greatest common divisor of 11 and q?
11
Let b = -34 + 35. Calculate the greatest common divisor of b and 1.
1
Let i(g) = -70*g**3 - g**2 - g - 1. Let b be i(-1). Suppose 2*p - 238 = -5*v, -32 = -2*v + 3*p + 48. Calculate the greatest common divisor of b and v.
23
Let b(w) = -w**2 - 20*w - 6. Let v be b(-18). Suppose 3*y - y - 12 = 2*g, -4*g - 34 = -5*y. What is the highest common divisor of v and y?
10
Let k = 4 + -5. Let v = k - 2. Let b = v + 6. Calculate the greatest common factor of 12 and b.
3
Let u(g) = -g + 9. Let m be u(4). Let y = 3 + 1. Let z be (4/(-3))/(y/(-120)). What is the greatest common factor of z and m?
5
Suppose -68 = -3*n - x + 7, 9 = 3*x. Suppose p + 3*p - 4 = 0, -y - 2*p = 0. Let s = y + 5. What is the greatest common divisor of s and n?
3
Let y be 2 + 0 + 1 + 2. Suppose y*w = -3*c + 20, -70 = -3*c - 0*w + 5*w. Let p = 0 + 6. What is the greatest common factor of p and c?
3
Let d(m) = 2*m**3 - 7*m**2 + 9*m - 5. Let i(n) = -n**3 - n + 1. Let j(p) = d(p) + i(p). Let c be j(6). What is the highest common factor of 8 and c?
8
Suppose -6*y = -9*y - 18. Let l be (-49)/(-42) + 1/y. Calculate the greatest common factor of 5 and l.
1
Suppose t - 6*t = -30. What is the highest common divisor of t and 3?
3
Let f = 12 - -13. What is the highest common factor of 25 and f?
25
Suppose -3*i + 212 = -o - 0*o, 3*i + 3*o = 204. Calculate the highest common divisor of 175 and i.
35
Let o(z) = -z**3 + 16*z**2 + z - 11. Let j be o(16). Let k be (10/(-6))/((-2)/6). Calculate the highest common divisor of j and k.
5
Suppose 2*p - 4 = p. Let h = p + 18. What is the greatest common divisor of 2 and h?
2
Let t = -6 - -14. Let y be -2*12/t*-2. What is the greatest common factor of y and 54?
6
Let i be (-3)/(-12) + 1449/12. Calculate the highest common divisor of i and 11.
11
Let d be -8*(-1 + 23/(-2)). Calculate the highest common divisor of 10 and d.
10
Suppose 0 = z - w + 26 + 42, 375 = -5*z - 2*w. Let y = -43 - z. Calculate the highest common divisor of 12 and y.
6
Suppose 3*p = 2*y - 115, -2*p + 15 = 3*p. Calculate the greatest common factor of 31 and y.
31
Let y = 264 + -20. Let b be y/8 + 2/(-4). Suppose -8 = 4*r, 5*l + r = -3*r + 217. What is the highest common divisor of l and b?
15
Let g = -2 + 5. Suppose -g*i - 22 = -5*i. Let h be (-88)/(-2)*(-5)/(-2). Calculate the highest common divisor of h and i.
11
Let z(k) = 9*k**3 - 3*k**2. Let c be z(2). Calculate the highest common divisor of 150 and c.
30
Suppose -2*a - 9 = -29. Suppose -4*d = -3*n + 25 - 82, -2 = -2*n. Calculate the greatest common factor of a and d.
5
Let r(g) = g + 6. Let f be r(-3). Suppose 24 = -3*l - 30. Let a = -3 - l. What is the highest common divisor of f and a?
3
Suppose 4*r + r = -1045. Let p = -146 - r. Calculate the greatest common factor of p and 9.
9
Let o(d) = d**3 + 5*d**2 + 3*d + 1. Let z be o(-4). Let p be (-14)/35 - (-42)/z. Calculate the highest common divisor of p and 1.
1
Let z be ((-2)/4)/((-5)/(-1000)). Let k be 2/(-8) + z/(-16). Calculate the highest common factor of 12 and k.
6
Let q = 36 + -20. Let p = q + -11. What is the greatest common factor of 35 and p?
5
Let i = 10 - -35. Let k = 59 - 32. Let h = k + -12. Calculate the greatest common factor of i and h.
15
Suppose -7*m = -3*m - 68. What is the greatest common divisor of 17 and m?
17
Let i be ((-78)/9)/((-4)/6). Let q(k) = -k**3 + 8*k**2 + k. Let p be q(6). Suppose -6*d + 3*d = -p. What is the highest common factor of d and i?
13
Let n = -1 - 0. Let m = n - -1. Suppose -p - 88 = -5*j - m*p, 2*j + 5*p = 46. Calculate the highest common factor of j and 90.
18
Suppose -2*u = -2*q, -u = -4*u + 15. What is the highest common divisor of 90 and q?
5
Let n be (-290)/(-6) + (-14)/(-21). Let u = 9 + -2. What is the greatest common factor of n and u?
7
Let m = 1 + -4. Let j = m + 12. What is the highest common divisor of j and 27?
9
Suppose 13 = -4*k - 7. Let s(y) = -y**2 + 2*y - 3. Let h be s(2). Let b = h - k. Calculate the greatest common divisor of 8 and b.
2
Suppose 5*c - 92 - 403 = 0. Suppose 0 = 2*q - 3 - 3. Suppose -4*l + 33 = 3*r, -2*l - 39 = -6*l + q*r. What is the greatest common divisor of l and c?
9
Suppose -3*l + 5*q = -0*l + 68, -5*q + 5 = 0. Let k be 230/15*l/(-2). Calculate the greatest common factor of 23 and k.
23
Let y(p) = -p - 1. Let a be y(3). Let o(s) = 9*s**2 + 4*s. Let l be o(a). What is the highest common factor of 16 and l?
16
Let x(v) = 16*v + 1. Let c be x(1). Calculate the highest common factor of 187 and c.
17
Suppose -2*t + 25 = 3*t. Let b = t + -2. Let z(g) = 5*g**2 + 4*g + 3. Let x be z(-2). What is the greatest common divisor of x and b?
3
Suppose -3*i + 2 = -13. Suppose 35 + 25 = i*q. Calculate the highest common divisor of 4 and q.
4
Let a(t) = t**2 - t + 48. Let p be a(0). Suppose 0 = -8*o + 5*o + p. Calculate the highest common divisor of o and 80.
16
Let m(